+ t*m = 88, 3*y - 183 + 31 = m. Let a = 43 - y. Let l(r) = r + 6. Give l(a).
0
Let t(p) = -2*p**2 - 20*p - 15. Suppose -49*d = 3*l - 47*d + 37, -5*d = -2*l + 7. Give t(l).
3
Suppose 4*o + 10 = 2*o. Let n(z) = -4 + 2441*z - 4765*z + 2325*z. What is n(o)?
-9
Suppose -4*a + 44*t = 42*t - 44, 0 = -a + 3*t + 11. Let n(i) = 8*i - 18. Determine n(a).
70
Let l be (-1936)/(-192) + (-2)/24. Let h be (2/4)/(-6 + 55/l). Let u(m) = m**3 - m**2 - 2*m - 2. What is u(h)?
-2
Let b = 65 - 122. Let r(a) = a**3 - 8*a**2 - 2*a + 10. Let m be r(7). Let o = b - m. Let v(p) = -p**2 - 2*p + 4. Give v(o).
-4
Let w(l) = 330 + 2*l**3 - 8*l**3 + 31*l - 349 - 13*l**2 + 5*l**3. Determine w(-15).
-34
Suppose 50 = 5*c - 0*c. Let x(n) = -274*n**2 + 137*n**2 + 138*n**2 + 2*n**3 + c*n**3. Determine x(-1).
-11
Let m(g) be the third derivative of -g**4/12 - g**3/6 - 3*g**2 + 16*g. Suppose 0 = -u + 2 + 1. Give m(u).
-7
Let t(r) = 1522 - 777 - 750 + r**2 - 8*r. What is t(15)?
100
Let s(r) = -2. Let v(f) = f + 11. Let z = -163 - -162. Let a(q) = z*v(q) + 4*s(q). Give a(-14).
-5
Let m(y) = -y**3 + 38*y**2 + 39*y + 8. Let t be m(39). Let n(u) = 2*u**2 + 13*u - 3. Let b(k) = 3*k**2 + 20*k - 4. Let q(d) = t*n(d) - 5*b(d). Determine q(-4).
-4
Let t(b) = 8714*b + 1 + 7 + 5 - 8716*b. Give t(2).
9
Let r(q) = 20*q**2 + 5*q - 3. Suppose 3*y = -5*p + 28, -5*y - 10 = -12*p + 9*p. Give r(y).
22
Let d(q) be the third derivative of 7*q**4/24 + 13*q**3/6 - 2574*q**2. Determine d(3).
34
Suppose -36 = 4*v + 8. Let o(r) = -r**2 - 14*r - 34. Let i be o(v). Let s(j) = -7*j**2 + 2*j + 1. Calculate s(i).
-8
Let s be 2*(-8)/(-16)*-17 - -8. Let x(v) = -v**3 - 8*v**2 + 12*v + 31. Give x(s).
4
Let p(o) = -o + 1. Let r(y) = y - 2. Let h(z) = 5*p(z) + 4*r(z). Let v be 24/(-2772)*-21 + (-145)/11. Calculate h(v).
10
Let p(c) = -c**3 - 8*c**2 - c - 3. Suppose 19 = 3*q - 2*r, 0 = 2*r - r + 5. Let j be 4/(1*q/(-6)). What is p(j)?
5
Let i(g) = g**2 - 7*g - 148. Let k be i(-9). Let r(s) = -19*s - 8. Calculate r(k).
68
Suppose 0 = 25*r - 17*r - 240. Let u(x) = -2 + x**2 - 31 + r. Let z be (-10 + 1)*2/6. Calculate u(z).
6
Suppose -4*a - 36 = -20, 29 = 3*o - 2*a. Suppose o*z + 10 = -11. Let t(d) = -11 - 7*d + 11. Determine t(z).
21
Let j(q) = -3*q - 7. Let s(g) = 3 + 1503*g - 1507*g - 9. Let b(h) = -5*j(h) + 4*s(h). Determine b(17).
-6
Let r(x) = x**3 - 5*x**2 + 3*x - 4. Suppose 4*p = 5*y + 5 + 7, -2*p = y - 6. What is r(p)?
-13
Suppose -4*f - 2*s = -4, f - 6*f + 2*s = -23. Let k(u) be the first derivative of -1/4*u**4 + 4/3*u**f + u + 3/2*u**2 + 7. Calculate k(5).
-9
Let n = -15729 + 15731. Let z(l) be the third derivative of 2/3*l**3 - 1/24*l**4 + 2*l**n + 0 + 0*l - 1/60*l**5. Give z(4).
-16
Let c(p) = -17*p**3 - 12*p**2 + 5*p + 9. Let x(d) = 93*d**3 + 61*d**2 - 26*d - 46. Let s(f) = -11*c(f) - 2*x(f). Calculate s(-10).
23
Let b(l) = 9*l**3 + l. Suppose -t = 3*c - 16, -26 = -5*c - 2*t - 0*t. Suppose 4*d = -c*w + 2*w, 0 = 4*w - 5*d - 9. Give b(w).
10
Let v be (-1)/(-5) + (-3)/15 + 1. Let g be (-1 - -1)/(v - 3). Suppose g*d - 4 = d. Let k(r) = r**2 + 4*r - 2. Give k(d).
-2
Let w(m) = -m**2 - 474*m + 951. Let b be w(2). Let s(o) be the second derivative of -o**4/2 + o**3/2 + o**2 + 3*o. What is s(b)?
-7
Let i(d) = -5*d + 39. Let k be i(7). Let z(b) = 16 - k - 13 - 10*b**2. What is z(2)?
-41
Suppose -c + 12 - 5 = 0. Suppose 0 = 2*m + q + 5, 3*q = -4*m + 2*q - c. Let x(g) = 25*g**3 + g + 1. What is x(m)?
-25
Let b(f) = -f - 10 + 8 - 2*f + 14. Let s be b(5). Let n(g) be the third derivative of g**5/60 - g**4/24 + 2*g**3/3 + 3*g**2. Determine n(s).
16
Suppose 25 + 25 = 5*f. Let d = -6 + f. Let u(c) be the first derivative of -3*c**2/2 - 2*c - 151. What is u(d)?
-14
Let k(b) = b**3 - 5*b**2 + b + 1. Suppose -6*q = -5*q - 5*c + 290, 565 = -2*q - 5*c. Let t = q + 287. What is k(t)?
-9
Suppose -8*a + 85 - 37 = 32. Let s(o) be the first derivative of -8 + 7/2*o**2 - 2/3*o**3 + a*o. Calculate s(5).
-13
Let u be (-1 - 34)/1 - (3 + -4). Let m = u + 34. Let k(a) = -2*a**2 + 3*a**2 - 1645 + 1639. Calculate k(m).
-6
Let h(u) = u**2 - 12*u + 26. Suppose -4*s + 543 = 3*n, 2*s + 5*n - 167 = 122. Let v be s/11*2/4. Let l be h(v). Let o(r) = -r**2 - 12*r - 13. Determine o(l).
7
Let h(x) = -7538*x + 123 - 17*x**2 + 18*x**2 + 7516*x. What is h(14)?
11
Suppose a + 4 = 2. Let n(s) be the third derivative of s**5/60 + s**4/6 + s**3/2 - 43*s**2 - 36*s - 4. Determine n(a).
-1
Suppose 2*f - 2 = 4. Suppose f*u = -u. Let g(p) be the third derivative of p**5/60 + p**4/24 - 7*p**3/6 + 1953*p**2 + 2*p. Determine g(u).
-7
Suppose -5*n = -19 - 1. Let q(k) = -4*k - k + n*k + 5*k + 4*k. What is q(-1)?
-8
Let b(d) be the first derivative of -4*d**2 - 65*d - 11000. Calculate b(-12).
31
Let g(k) = 5*k + 123. Let d be 2/(10/4*84/(-2835)). Give g(d).
-12
Let u(x) = -2*x**3 - 37*x**2 + 55*x - 38*x + 6*x**3 + 12. Let r(s) = -s**3 + 9*s**2 - 4*s - 3. Let p(d) = 9*r(d) + 2*u(d). What is p(6)?
21
Let v(c) = -424*c**2 - 43*c - 19. Let r(h) = -918*h**2 - 87*h - 39. Let y(l) = 6*r(l) - 13*v(l). Give y(-9).
4
Let g(h) = h**3 - 23*h**2 + 19*h + 77. Let v(a) = a**2 + 149*a + 3316. Let p be v(-122). Calculate g(p).
11
Let c(s) = s**2 - 8*s + 46. Let z(i) = -2*i**2 + 7*i - 51. Let u(y) = 3*c(y) + 2*z(y). What is u(3)?
-3
Let m(u) = -21*u**3 - 20*u**2 + 6*u + 14. Let s(i) = 8*i**3 + 7*i**2 - 2*i - 5. Let t(p) = 6*m(p) + 17*s(p). Let o be (-4)/10 - (-14)/10. Determine t(o).
10
Let q(x) = -x**2 - 71*x + 86. Let h(n) = 2*n**2 + 119*n - 172. Let t(u) = 3*h(u) + 5*q(u). Calculate t(6).
-38
Let n be 0 - (2/(-1) - 2). Let j(w) be the third derivative of -w**5/30 + w**4/6 + w**3/2 - 2*w**2 - 205*w + 2. Calculate j(n).
-13
Suppose 0 = -0*c - 2*c + 10, 2*j - 43 = -c. Let l(x) = -4*x**2 - 4*x**2 + 12 + j*x - 29*x - x**2 + x**3 + 2*x**2. What is l(8)?
-4
Let s(m) = 27*m**2 - 11*m - 22. Let r(o) = -31*o**2 + 12*o + 24. Let y(k) = -7*r(k) - 8*s(k). Calculate y(-3).
5
Let r(z) = -z**2 + 2*z + 111. Let x = -5629 - -5629. Calculate r(x).
111
Let k(z) = -38 + 196 - 32 - 39 - z**2 - 6*z - 62. Determine k(-9).
-2
Let v(c) = 58 + 49 - 43*c + 59 + 58 - 225. What is v(-1)?
42
Suppose -67*n = 9 - 11 + 2. Let k(a) be the first derivative of -1/4*a**4 + 8 - 10/3*a**3 - a + n*a**2. Calculate k(-10).
-1
Let b be (-6)/10 - (-231)/(-15). Let v = 21 + b. Let t(y) = -8*y + 9. Let i(c) = -13*c + 15. Let n(l) = -5*i(l) + 8*t(l). Determine n(v).
2
Let u(j) = 7 - j**2 + 44*j + 3 - 17 - 51*j + 4. Let k = 1 - 7. Give u(k).
3
Let f(i) be the second derivative of -i**4/2 - 2*i**3/3 + 2*i**2 + 4078*i. Determine f(3).
-62
Let d(z) = 5*z**2 - 9*z + 6. Let g(w) = 9*w**2 - 19*w + 11. Let p(l) = 5*d(l) - 3*g(l). Let i(r) = 3*r**2 - 23*r + 4. Let j(n) = 3*i(n) + 5*p(n). Give j(-4).
17
Let m(r) be the first derivative of r**4/4 - 2*r**3 + 7*r**2/2 - 4*r - 1. Let b = -571 - -522. Let g = b + 53. Give m(g).
-8
Let c(a) = -18 + 40 + a - 26 + 4*a. Let k(h) = -11*h + 9. Suppose 3*m - 42 = 9*m. Let p(j) = m*c(j) - 3*k(j). Determine p(4).
-7
Let t(y) = -y**3 + 6*y**2 + 7*y - 8. Let c(p) = -8*p + 36. Let q(h) = -2*h - 1. Let z(v) = -c(v) + 5*q(v). Let u be z(-24). What is t(u)?
-8
Let t(m) = -14*m**3 - m**2 - 3. Let x be t(2). Let z = x + 115. Let a(y) = -2*y - 6. What is a(z)?
2
Suppose -10*b + 16 - 3 = -17. Let d(s) = 2*s**3 - 4*s**2 - s + 1. Give d(b).
16
Let u(q) = -q**3 - 6*q**2 - 13*q + 42. Let i(z) = -z**3 - 7*z**2 - 15*z + 44. Let m(d) = -6*i(d) + 7*u(d). Let w = 1053 + -1053. Calculate m(w).
30
Let g(c) = 9*c**2 + 415*c + 44. Let z be g(-46). Let a(m) = 25*m + 18. Calculate a(z).
-32
Let o(j) = -j**2 + 7*j + 24. Let d(k) = -k**2 + 5*k + 22. Suppose 2*n - 2*r = 2, -r = 5*n - 26 - 3. Let z(m) = n*o(m) - 6*d(m). What is z(-7)?
2
Let k = -20201 - -20208. Let d(h) = -h**2 + 10*h - 40. Calculate d(k).
-19
Let u(z) = z**2 - 9*z + 5. Suppose -8*w - 6*w = -350. Let i be ((-6)/(-15))/(1/10). Suppose -i*h - 33 = -5*l, -5*l + w = 2*h - 26. What is u(l)?
5
Let u(j) = 63*j + 3032. Let v be u(-48). Let k(f) = -2*f**3 + 16*f**2 + 3*f - 11. Calculate k(v).
13
Let l be 84/(-22) + (-19)/627*6. Let z(w) = 4*w**2 + 12*w - 9. What is z(l)?
7
Let l(w) = -3*w**2 + 4*w**3 + 2 + 3*w + 5*w**3 - 2*w - 8*w**3. Suppose 8*y = 93 + 19. Suppose i = -6*i + y. Determine l(i).
0
Let v(s) = s**3 - 8*s**2 - 2*s + 2. Suppose 0 = -3*p - 4*w + 12 + 16, 5*p - 